33551. What are the prime factors of g?
3, 19, 71
Let u = -7724 + 17261. List the prime factors of u.
3, 11, 17
What are the prime factors of 7640578/198 + (10/(-9))/(-5)?
3, 19, 677
Suppose 127*w - 130*w = -2*m + 9364, 4677 = m + w. What are the prime factors of m?
4679
Suppose -9 - 11 = -10*i. Suppose 0 = i*t - c - 1239, c - 24 = -3*t + 1827. What are the prime factors of t?
2, 3, 103
Suppose 0 = 51*j - 16390 - 2123. Let t = 544 + j. What are the prime factors of t?
907
Suppose -4*i + 2*c + 346 = 0, 156 + 304 = 5*i + 3*c. Let o = -91 + i. Let d(n) = -25*n**3 - 6*n - 6. List the prime factors of d(o).
2, 103
List the prime factors of 52/182 + (3 - 1535/(-35)*79).
2, 3, 17
Let k be 4/(-30) - (1034968/60)/19. Let d = k - -1364. What are the prime factors of d?
2, 3, 19
Let m(f) = -7*f**2 - 44*f - 21. Let x be m(5). What are the prime factors of (x - -15)/(-1 + 0/2)?
401
Let w(b) = -276*b + 1829. What are the prime factors of w(-83)?
29, 853
Let y(s) = -10*s**2 - 2*s. Let f be y(-2). List the prime factors of 368 + (f/10 - 10/25).
2, 7, 13
Suppose 0 = 18*a + 14*a + 47951 - 1627919. List the prime factors of a.
2, 3, 13, 211
Let b(c) = 38*c - 10. Suppose 0 = 27*g - 8*g - 342. List the prime factors of b(g).
2, 337
Let t = 13132 + -389. List the prime factors of t.
12743
Let m be -1137*(-11 + (-40)/(-5)). Let n = m + -1421. List the prime factors of n.
2, 5, 199
Let g(z) = 8*z**2 + 111*z - 98. List the prime factors of g(21).
7, 823
Suppose -36*n + 41*n - 3760 = 0. Suppose -3467 = -3*l + 5*u - n, 905 = l - u. List the prime factors of l.
5, 181
Let g(l) = -l + 50. Let q be g(21). Let n = q + -27. Suppose 0*y + 2*k = -y + 96, 228 = n*y - 5*k. What are the prime factors of y?
2, 13
Let m(s) = -s**3 + 7*s**2 - 2*s - 8. Let p be m(6). Let t = 2353 + -2336. Suppose t*v - 107 = p*v. List the prime factors of v.
107
Suppose 3*u - 161275 = -u - 34451. List the prime factors of u.
2, 83, 191
Let j(n) = 2*n**3 - 8*n**2 + 2. Let x be j(4). Let z be (-2)/2 - (-3 + 0). Suppose 0 = -z*b - f + 203, 0 = -b + 3*b + x*f - 198. List the prime factors of b.
2, 13
Let m be (6 - -114)*2/5. Suppose 0 = -5*h + c + 2*c + m, c + 32 = 3*h. List the prime factors of h.
2, 3
Suppose 0 = -15*x + 693295 - 282775. What are the prime factors of x?
2, 11, 311
Let z be -3*2/(-9) + 372/36. Let p(k) = k**3 - 11*k**2 + 2*k - 21. Let t be p(z). Let v(j) = 79*j**2 + j - 2. List the prime factors of v(t).
2, 3, 13
Suppose -4*s = -8938 - 5874. Suppose s = 13*t - 10701. List the prime factors of t.
2, 277
Let h(a) = 6*a**3 - 4*a**2 - 2. Suppose -i - 4*i + 74 = -2*d, 0 = -4*d + 12. Suppose 6*g = 2 + i. List the prime factors of h(g).
2, 31
Let v = 508 - 303. Suppose -4*r = -v + 797. Let q = r + 247. What are the prime factors of q?
3, 11
Let s = -34 + 34. Suppose s = 62*w - 57*w - 690. What are the prime factors of w?
2, 3, 23
Suppose -s = 2*l - 1104, -3*l - 4 - 8 = 0. Suppose a - 4*z = 252 + 8, 4*a + 2*z - s = 0. What are the prime factors of a?
2, 3, 23
Suppose 4*b - b = 39. Let g(q) = q**3 - 14*q**2 + 14*q - 9. Let m be g(b). List the prime factors of 2 - -95 - 0*(-2)/m.
97
Let r(p) = -12*p + 220. Let j be r(29). What are the prime factors of j/(-6)*(-1053)/(-78)?
2, 3
Suppose -3*k = r - 3789 - 16777, 2*k + r = 13711. List the prime factors of k.
3, 5, 457
Suppose -307 = -2*a - o + 631, o - 1404 = -3*a. What are the prime factors of a?
2, 233
Let g(o) = -o**2 + 6*o + 11. Let s be g(7). Suppose -s = -2*b - 2, -2*y = -b + 25. What are the prime factors of (189/y)/(15/(-40))?
2, 3, 7
Suppose 19*k - 15*k = -2*d + 35728, d - 3*k - 17829 = 0. List the prime factors of d.
2, 3, 5, 7, 17
Suppose -65838 - 20626 = -10*t + 10686. What are the prime factors of t?
5, 29, 67
Suppose 2*t = -4*u + 97326, 343*u - 340*u - 48663 = -t. List the prime factors of t.
3, 5407
Let a(l) be the second derivative of -11/6*l**3 + 31*l - 9*l**2 + 0. List the prime factors of a(-8).
2, 5, 7
Let y = -6 + 8. Suppose -5*t - 13 = 3*f, 1 = -3*f - 4*t - 7. Suppose -5*c + f = 3*i - y, 0 = c. What are the prime factors of i?
2
Let o be -92 - ((-2)/2)/(12/(-12)). Let q = -102 - o. Let g(w) = w**3 + 10*w**2 - 9*w + 8. List the prime factors of g(q).
2, 5, 17
Let f(z) = 3*z**2 - 3*z + 14. Let m be (154/33)/((-6)/9). What are the prime factors of f(m)?
2, 7, 13
Suppose -4*w = g + 8, -g + 9*w + 7 = 8*w. Suppose 2*j - 233 = 5*c, -g*c - 5 = 7. List the prime factors of j.
109
Let k(m) = 186*m + 27. Let c(f) = -185*f - 23. Let v(p) = -4*c(p) - 3*k(p). What are the prime factors of v(3)?
557
Let y = -274 - -360. Suppose y*b = 96*b - 1410. What are the prime factors of b?
3, 47
List the prime factors of (-1150)/(-69)*(-3183)/(-2).
5, 1061
Let o be (-2)/4 + 390/(-20). Let v be 1/3 - (-164)/(-6). Let t = o - v. What are the prime factors of t?
7
Let w be (-11031)/(-45) + (-310)/75 + 4. Suppose g = 8*g - w. What are the prime factors of g?
5, 7
Let k(d) be the first derivative of 3*d**2 + 154*d - 271. What are the prime factors of k(18)?
2, 131
Let a(k) = k**3 - 54*k - 12*k**2 + 0*k**2 - 41 + 22*k**2 + 0*k**2. List the prime factors of a(-12).
11, 29
Let t = -24619 - -46751. What are the prime factors of t?
2, 11, 503
Suppose 204 = -z + 5*z. Let v = z - 56. List the prime factors of (((-5)/2)/v)/((-6)/(-2316)).
193
Let l be (-26)/((0 - 1) + -1). Suppose -l*c + 45 = -14*c. What are the prime factors of ((-54)/c)/((-3)/(-10))?
2
Suppose 0 = l - 3*v - 31285 - 46748, -v = 5*l - 390165. List the prime factors of l.
3, 19, 37
Let z(u) = -2*u**2 - 80*u + 18. Suppose -12 = -3*i, 4*o + 9*i + 116 = 4*i. What are the prime factors of z(o)?
2, 3, 71
Let h be (-1)/(995/4491 - 6/27). Suppose h = -633*x + 636*x. List the prime factors of x.
499
Suppose 0 = 3*k + 4 - 40. Suppose 0 = m + 2 - k. Suppose m*q - 4*q - 1164 = 0. List the prime factors of q.
2, 97
Let k be (762/(-4) - -4)*-14. Suppose 0 = 5*v + 3*h - k, 5*h = 5*v - 2373 - 222. Suppose -253 = -n - n + t, 0 = -4*n - 3*t + v. List the prime factors of n.
2
List the prime factors of (-128)/(-288) - (-86135)/9.
17, 563
Let q be (-6)/(-9)*3*-14. Let p = 31 + q. Suppose 5*r + 390 = p*f, -3*f + 234 + 156 = -4*r. What are the prime factors of f?
2, 5, 13
Let m(k) = -3*k**3 + 2*k**2 + k + 12. Let g be (8 + -2 - 4) + -7. Let b be m(g). Suppose -v = -5*v + 5*t + 838, 2*v + 4*t = b. List the prime factors of v.
2, 53
Let g(p) = -2*p + 44. Let u be g(9). Let k = u - 26. Suppose 13*y - 2*y - 385 = k. What are the prime factors of y?
5, 7
Suppose -5*v + 16 = -v. Suppose 2 = -p + v. Suppose 0 = 5*j + 4*u - 333, 5*j = -p*u - 3*u + 335. List the prime factors of j.
5, 13
Let g(l) = 13*l - 665. Let b be g(51). Let p(z) = 42*z**2 + z - 4 - 12*z**2 + 37*z**2. What are the prime factors of p(b)?
2, 131
Suppose -2*g = 3*q - 25, 2*g - 4*q = -2*g. Suppose -1499 = -4*j - g*v + 1757, 4*v = -16. List the prime factors of j.
3, 7, 13
Suppose 8 = -5*l + 28. Suppose 0 = -l*n - 2*g + 3314, -3*g + 0*g + 831 = n. What are the prime factors of n?
2, 3, 23
Let y(d) = -9*d - 86. Let o be y(-10). Suppose -5*m = -l - 3198, 4*l + 2562 = o*m + 2*l. What are the prime factors of m?
3, 71
Let l = 148 - 121. Suppose -l*m + 7288 = 133. What are the prime factors of m?
5, 53
Let d(s) = -3*s**2 + 6*s + 12. Let l be d(9). Let u = 131 - l. Let p = u + -173. What are the prime factors of p?
3, 5
What are the prime factors of 2952/1640 - 41431/(-5)?
2, 7, 37
Let v = -30016 + 69304. What are the prime factors of v?
2, 3, 1637
Let y(u) = -5*u**3 - 45*u**2 + 4*u - 12. Let t(v) = 9*v**3 + 87*v**2 - 8*v + 25. Let l(j) = 2*t(j) + 5*y(j). What are the prime factors of l(-8)?
2, 139
Let z = 475 - 489. List the prime factors of z/(-98) - 3050/(-14).
2, 109
Suppose 59*p - 147606 = 56475. What are the prime factors of p?
3, 1153
Let f = -1032 - -2274. What are the prime factors of f?
2, 3, 23
Let s(z) = 15*z**2. Let f be s(5). Let v(b) = 103*b + 12. Let j be v(1). Suppose 5*l = -j + f. What are the prime factors of l?
2, 13
Let u = -110 - -351. Let y be ((-3)/(-12)*-2)/(22 - (-2358)/(-108)). Let s = y + u. What are the prime factors of s?
2, 7, 17
List the prime factors of (-41725)/(-1 + -4) + (-4)/(-10)*10.
3, 11, 23
Suppose -1327089 = 32*v - 4008913. List the prime factors of v.
43, 1949
Suppose -173*o - 7*o = -6631920. What are the prime factors of